) = 50*z**3 + 24*z**2 - 425*z + 2. Is r(11) a prime number?
True
Suppose -16*k - 18*k + 4384783 + 6834639 = 0. Is k a composite number?
True
Suppose -2*x - 11*x = 2*x. Let k(f) = -4*f + 4638. Let u be k(x). Suppose -u - 1727 = -5*h. Is h composite?
True
Is 10/((-80)/568)*(-115 + 2) prime?
False
Let j = -23 + 33. Let s(a) be the third derivative of 197*a**4/12 + 17*a**3/6 + 5401*a**2. Is s(j) a prime number?
False
Is -3*(-49641802)/204 + 10/4 composite?
True
Is (-1)/9 - (-33574840)/468 a composite number?
False
Suppose -28 = 9*z - 10*z. Let w be -5 + 1 - z/(-4). Suppose -1256 = -5*b - w*l, -4*l = 4 + 8. Is b a composite number?
True
Suppose 256*h = 267*h - 2641463. Is h prime?
False
Suppose -3*b + b - 20 = -u, 5*u = 3*b + 72. Suppose u*m - 9094 - 5858 = 0. Is (-3 - -2)*3 + m composite?
True
Suppose -24 = 3*c, 3123340 = 4*w + 3*c + 519552. Is w composite?
False
Suppose -2*v - 6 + 2 = 0. Let l(d) = -5 + 91*d - 2 - 526*d. Is l(v) prime?
True
Let g = 544 + -317. Let r be (-2*(-9)/21)/(4997/(-266) - -19). Suppose g = y + r*v, 727 = 5*y - 4*v - 384. Is y a prime number?
True
Let j(o) = 13*o**2 - 3*o + 2. Let m be 1 - (3 - (-15)/(-5)). Let h be j(m). Is 1958 - (5/(-7) + h/(-42)) composite?
True
Let q(z) = -55*z**3 + 7*z**2 - 7*z - 1. Let g be q(-9). Suppose 66116 = 4*t - 5*u, 2*t = -3*u + g - 7666. Is t a prime number?
True
Let s be (1 + -2 + -1)*-2. Let l(p) = -p**2 + 10*p + 602. Let b be l(-20). Suppose -3*j - s*c - 873 = -4*j, -4329 = -5*j + b*c. Is j a prime number?
False
Let p(d) = d**2 - 15*d + 30. Let w be p(13). Suppose 4*q = -w*g + 1088, -1388 = -5*q - 2*g + 4*g. Let h = q - -170. Is h composite?
True
Is (-3 - -132)*((-3588)/(-18) - -15) prime?
False
Let u(p) = p**3 + 4*p**2 - 4*p + 7. Suppose -h - 3 = -o, -5 = -0*h - h + 5*o. Let j be u(h). Suppose 4*g + 4*i - i - 3800 = 0, -g + j*i = -939. Is g composite?
False
Is (-2)/11 + (-2759066)/(-374) composite?
True
Let a(l) = -84*l**2 - 19*l + 35. Let w be a(-11). Let b = 57 - w. Is b composite?
True
Let v = 61312 + 17055. Is v a prime number?
True
Let w = 35 + -30. Suppose w*r + 5*m - 10310 = 0, 2*m = -5*r - 734 + 11047. Suppose -167 = 8*f - r. Is f a composite number?
True
Suppose -2178*y = -2182*y + 928516. Is y a prime number?
True
Let h = -30 - -40. Suppose h*x - 8*x = 8. Suppose 6*v = x*v + 354. Is v prime?
False
Let a = -18698 + 43957. Suppose -3*i - 6212 = -a. Is i composite?
True
Suppose -4*y + 187 = 2*f - 29, 4*f + 8 = 0. Suppose 3*c - y + 49 = 0. Suppose -2421 = -c*x - x. Is x a composite number?
True
Suppose 2 = -4*i - 6*d + 5*d, -5*i = -4*d + 13. Is 0 + i - 0 - -1472 composite?
False
Suppose 5*b = 5*p + 6*b + 4256, 3*p + 2544 = -3*b. Let y = 59 - p. Is y a prime number?
True
Suppose 266*f - 14472806 = 11*f + 9797329. Is f a prime number?
True
Suppose 1725188 = 3*m - 0*o + o, 4*o + 4 = 0. Is m a prime number?
True
Let d(f) = -3*f + 27. Let c be d(9). Suppose 4542 = 3*g - c*g. Suppose -s = -g - 803. Is s composite?
True
Let n(b) = 22*b**3 + 10*b**2 - 126*b + 43. Is n(15) a prime number?
True
Let i be -4 + -1 + 3255 + -5. Suppose x + 2*x + 5*b - 3241 = 0, -4*b = 3*x - i. Is x a composite number?
False
Let c = -212069 - -467326. Is c a composite number?
True
Let n = 330938 + -171105. Is n prime?
True
Let m(b) = -49*b + 3 + 6942*b**3 - 2*b**2 - 2 + 49*b. Let k be m(1). Is k/22*((1 - 2) + 3) prime?
True
Suppose 186*b - 208*b = 4026. Let j = -659 - -373. Let l = b - j. Is l a composite number?
False
Let u be (-12)/(((-1)/2690)/((-3)/(-6))). Let o = u - 8887. Is o a prime number?
True
Suppose 61*c - 21199907 - 33765753 = -10537591. Is c a composite number?
True
Let l(s) = -5*s**3 - 38*s**2 - 12*s + 82. Let o(t) = -3*t**3 - 19*t**2 - 6*t + 41. Let j(d) = -4*l(d) + 7*o(d). Let q be j(19). Let v = q + 6. Is v prime?
True
Let n = -3 - -15. Let b(t) = -11 - n + 20 - 498*t**3 - 4*t. Is b(-2) composite?
False
Let o(x) = 4291*x**2 + 23*x - 3. Let k be o(-3). Suppose -17097 - k = -12*l. Is l composite?
False
Let r = -402 + 428. Let t(w) = -2*w**3 + 66*w**2 - 31*w + 5. Is t(r) a composite number?
False
Let c(q) = 2*q**3 + 16*q**2 + 10*q + 16. Let m(x) = -x**3 - 16*x**2 - 11*x - 16. Let j(w) = 2*c(w) + 3*m(w). Let u be j(17). Let v = u + -30. Is v prime?
False
Let m(l) = -7*l**3 + 4*l**2 + 3*l - 4. Let q be m(2). Let z = 255 - q. Is z a composite number?
False
Suppose p + 7 = n, n - 3 + 2 = 3*p. Let v = -8 + n. Is (v - -1 - 3 - 4) + 795 composite?
True
Let d = -2026 + 3704. Let b = d - -3949. Is b a composite number?
True
Suppose 3*y - 1 = -b + 5, 3*y - 5*b = 24. Let x be -107 - (-3 - 6/y). Is 1/5 - x/(-60)*-4 prime?
True
Suppose -3*n + 0*y = -4*y - 204959, -n + 3*y + 68318 = 0. Is n a composite number?
True
Let t(a) = 17 - 14*a**3 + 9*a**2 + 16*a**3 - 50*a - 7*a**2. Is t(11) a prime number?
True
Suppose 2*k = 3 - 1. Let u(p) be the second derivative of 13*p**5/5 + p**4/6 - p**3/6 - 9*p - 1. Is u(k) prime?
True
Let n be (2702/(-35))/(2/(-170)). Suppose -3*v - 5*o = -19656, -v = 6*o - o - n. Is v a prime number?
True
Suppose -35*k + 43*k - 16 = 0. Is (12/24)/(k - 11030/5516) composite?
True
Let g = 20325 - -32404. Is g a composite number?
True
Let t(l) = -l**3 + 11*l**2 - 5*l - 8. Let r be t(10). Suppose 3*q - r = -z, 3*q - 4*z = 2*q + 14. Suppose 9008 = -6*k + q*k. Is k a prime number?
False
Let c(p) be the first derivative of -31*p**5/20 + 7*p**4/24 + 2*p**3/3 - 14. Let b(d) be the third derivative of c(d). Is b(-3) a composite number?
True
Let a(c) be the second derivative of -c**4/6 + 11*c**3/6 + 27*c**2 + 32*c. Let v be a(-26). Let l = 2255 + v. Is l a composite number?
True
Suppose 18*d - d - 34 = 0. Suppose -762 + 4 = -d*h. Is h composite?
False
Is (-4278959)/(-31) + 94/1457 a prime number?
False
Is -8 - -9 - 170238/(-1 - 2) composite?
False
Suppose -2*j - 3*m + 1139926 = 0, -438*j = -439*j + 2*m + 569963. Is j composite?
True
Let m(z) = -z**3 - 21*z**2 - z - 16. Let r be m(-21). Suppose r*l = -2*j + 66105, 0 = 2*l - 6*l - 4*j + 52872. Is l a composite number?
True
Let o(n) = 2*n**3 + 7*n**2 - 11*n + 2. Let t be o(5). Let b = 725 - t. Is b composite?
False
Let t(a) = 5769*a - 3334. Is t(83) a composite number?
True
Let a(j) = 4*j**2 + 8 - 41*j - 3 - 10*j**2 + 3*j**3 + j**3. Is a(12) a composite number?
True
Let q(h) = -23*h + 176 - 176. Let k(w) = 22*w - 1. Let p(u) = 2*k(u) + 3*q(u). Is p(-12) a prime number?
False
Let o = -2478619 - -3545540. Is o composite?
True
Let d = 5850 + -2293. Is d a composite number?
False
Suppose 4*q + 7 = -2*k - k, 15 = -k + 5*q. Let g(p) = -8*p**2 + 17. Let d(h) = -h**3 + 3*h**2 + h - 1. Let w(c) = 5*d(c) + g(c). Is w(k) a prime number?
True
Let f = 17 + 8. Suppose -5*b - 605 - f = 0. Let v = -37 - b. Is v a composite number?
False
Suppose -4*z - 3*v + 29150 = 0, -3*z + v = 3795 - 25638. Is z a composite number?
False
Let c = 17260 + -8514. Suppose c = -6*j + 74908. Is j a prime number?
True
Suppose 5*t = -3*r - 53475, -8*t + 6*t - 35650 = 2*r. Let y = r - -31534. Is y a prime number?
True
Suppose 62*m - 5103190 = 2022904. Is m prime?
False
Suppose -137*v + 271585335 = 148*v. Is v composite?
True
Is 5*((-2 - 117/(-36)) + 94851/20) a prime number?
True
Suppose -1984286 - 211854 = -20*t. Is t prime?
True
Let k(l) be the second derivative of 0 - 5*l + 1/12*l**4 - 5/3*l**3 + 23/2*l**2. Is k(8) a composite number?
False
Let t be (1 + (-3)/5)*(-705)/(-282). Is -1 - (-1 + -28896) - t a prime number?
False
Suppose -13*b - 628 = -15*b - 4*g, 0 = 2*b + 2*g - 620. Suppose -2*p = 4*w + 8 + 2, -2*p + 14 = -2*w. Suppose -2*n - 54 = -p*n - 5*h, b = 4*n + 2*h. Is n prime?
True
Suppose -b = -4*t + 313, 5*t = -3*b + 2*b - 286. Let n = b - -24. Let v = 1534 + n. Is v a composite number?
True
Suppose -224049 = -3*r - 4*g, r = 6*g - 8*g + 74681. Is r a prime number?
True
Let s(d) be the first derivative of -d**7/840 - d**6/120 - d**5/60 + 7*d**4/24 - 13*d**3/3 - 9. Let b(c) be the third derivative of s(c). Is b(-6) composite?
False
Let p = -1271 - -6418. Is p a prime number?
True
Let v(g) = g**2 - 11*g + 6. Let t be v(10). Let l be (20/8)/(-5)*t. Is 1*l - (16 - 247) composite?
False
Suppose 3*s = -5*t + 2081926, 3305*t - 3306*t = 2*s - 416381. Is t prime?
True
Suppose 22*a - 19*a = 24. Let n be (66/a)/(-3) + (-11)/44. Is 7400/35 - ((-18)/14)/n a prime number?
True
Let o(j) = -106 + 8